{"id":1216,"date":"2025-04-08T17:55:13","date_gmt":"2025-04-08T13:25:13","guid":{"rendered":"https:\/\/ambkabul.esteri.it\/?page_id=1216"},"modified":"2025-05-20T15:45:01","modified_gmt":"2025-05-20T11:15:01","slug":"messaggio","status":"publish","type":"page","link":"https:\/\/ambkabul.esteri.it\/it\/chi-siamo\/lambasciatore\/messaggio\/","title":{"rendered":"Messaggio"},"content":{"rendered":"<p style=\"text-align: justify;\">Care e Cari Connazionali, Amiche e Amici dell\u2019Italia,<\/p>\n<p style=\"text-align: justify;\">dal 25 ottobre 2024 ho assunto l\u2019incarico di Ambasciatrice d\u2019Italia per l\u2019Afghanistan nella sede temporaneamente ricollocata a Doha, consapevole delle sfide poste da una fase di particolare complessit\u00e0 nel rapporto bilaterale tra Roma e Kabul.<\/p>\n<p style=\"text-align: justify;\">Storicamente attratti quali Paesi amici, Italia e Afghanistan sono in questo momento confrontati alla sospensione delle relazioni diplomatiche: il governo <em>de facto<\/em> talebano, insediatosi a Kabul nell\u2019agosto 2021, non \u00e8 stato riconosciuto dalla comunit\u00e0 internazionale. Molti Paesi, tra cui l\u2019Italia, hanno chiuso le rispettive Ambasciate.<\/p>\n<p style=\"text-align: justify;\">La ricollocazione in Qatar della nostra Sede diplomatica, analogamente a quanto fatto da altri membri della comunit\u00e0 internazionale, consente di assicurare all\u2019Italia un ruolo nel quadrante di dialogo politico sull\u2019Afghanistan guidato dalle Nazioni Unite, denominato Processo di Doha: in questo formato possiamo rappresentare le nostre posizioni a tutela dei diritti umani e, in particolare, dei diritti delle donne e delle ragazze, anche nelle occasioni di confronto con gli esponenti del movimento talebano.<\/p>\n<p style=\"text-align: justify;\">Da qui, insieme alla mia squadra e in costante sinergia con l\u2019Ufficio AICS di Islamabad, sosteniamo inoltre la preziosa azione dei nostri operatori umanitari che, attraverso organizzazioni della societ\u00e0 civile e agenzie multilaterali, realizzano sul terreno importanti attivit\u00e0 a favore delle componenti pi\u00f9 vulnerabili della popolazione afgana, colpite da povert\u00e0 endemica e malnutrizione, in uno scenario caratterizzato da carenza dei servizi sanitari di base e frequenti disastri naturali. Grazie all\u2019impegno della Cooperazione italiana, siamo infatti fra i principali Paesi donatori, guardando con attenzione alle potenzialit\u00e0 di sviluppo del settore privato e alla promozione della stabilit\u00e0 e della sicurezza in una regione strategica.<\/p>\n<p style=\"text-align: justify;\">Diplomazia del dialogo e diplomazia della solidariet\u00e0 nutrono questo percorso: tutela dei diritti umani, rispetto degli obblighi internazionali e benessere della popolazione afgana saranno le direttrici del nostro lavoro.<\/p>\n<p style=\"text-align: justify;\">Spero che queste priorit\u00e0 possano ispirare fiducia e disponibilit\u00e0 nei nostri interlocutori, che ringrazio per ogni contributo a favore di un auspicato futuro di pace e prosperit\u00e0 per l&#8217;Afghanistan.<\/p>\n<p style=\"text-align: justify;\">Sabrina Ugolini<\/p>\n","protected":false},"excerpt":{"rendered":"Care e Cari Connazionali, Amiche e Amici dell\u2019Italia, dal 25 ottobre 2024 ho assunto l\u2019incarico di Ambasciatrice d\u2019Italia per l\u2019Afghanistan nella sede temporaneamente ricollocata a Doha, consapevole delle sfide poste da una fase di particolare complessit\u00e0 nel rapporto bilaterale tra Roma e Kabul. Storicamente attratti quali Paesi amici, Italia e Afghanistan sono in questo momento [&hellip;]","protected":false},"author":5,"featured_media":0,"parent":38,"menu_order":0,"comment_status":"closed","ping_status":"closed","template":"","meta":{"footnotes":""},"class_list":["post-1216","page","type-page","status-publish","hentry"],"_links":{"self":[{"href":"https:\/\/ambkabul.esteri.it\/it\/wp-json\/wp\/v2\/pages\/1216","targetHints":{"allow":["GET"]}}],"collection":[{"href":"https:\/\/ambkabul.esteri.it\/it\/wp-json\/wp\/v2\/pages"}],"about":[{"href":"https:\/\/ambkabul.esteri.it\/it\/wp-json\/wp\/v2\/types\/page"}],"author":[{"embeddable":true,"href":"https:\/\/ambkabul.esteri.it\/it\/wp-json\/wp\/v2\/users\/5"}],"replies":[{"embeddable":true,"href":"https:\/\/ambkabul.esteri.it\/it\/wp-json\/wp\/v2\/comments?post=1216"}],"version-history":[{"count":7,"href":"https:\/\/ambkabul.esteri.it\/it\/wp-json\/wp\/v2\/pages\/1216\/revisions"}],"predecessor-version":[{"id":1488,"href":"https:\/\/ambkabul.esteri.it\/it\/wp-json\/wp\/v2\/pages\/1216\/revisions\/1488"}],"up":[{"embeddable":true,"href":"https:\/\/ambkabul.esteri.it\/it\/wp-json\/wp\/v2\/pages\/38"}],"wp:attachment":[{"href":"https:\/\/ambkabul.esteri.it\/it\/wp-json\/wp\/v2\/media?parent=1216"}],"curies":[{"name":"wp","href":"https:\/\/api.w.org\/{rel}","templated":true}]}}

<p style="text-align: justify;">Care e Cari Connazionali, Amiche e Amici dell’Italia,</p>
<p style="text-align: justify;">dal 25 ottobre 2024 ho assunto l’incarico di Ambasciatrice d’Italia per l’Afghanistan nella sede temporaneamente ricollocata a Doha, consapevole delle sfide poste da una fase di particolare complessità nel rapporto bilaterale tra Roma e Kabul.</p>
<p style="text-align: justify;">Storicamente attratti quali Paesi amici, Italia e Afghanistan sono in questo momento confrontati alla sospensione delle relazioni diplomatiche: il governo <em>de facto</em> talebano, insediatosi a Kabul nell’agosto 2021, non è stato riconosciuto dalla comunità internazionale. Molti Paesi, tra cui l’Italia, hanno chiuso le rispettive Ambasciate.</p>
<p style="text-align: justify;">La ricollocazione in Qatar della nostra Sede diplomatica, analogamente a quanto fatto da altri membri della comunità internazionale, consente di assicurare all’Italia un ruolo nel quadrante di dialogo politico sull’Afghanistan guidato dalle Nazioni Unite, denominato Processo di Doha: in questo formato possiamo rappresentare le nostre posizioni a tutela dei diritti umani e, in particolare, dei diritti delle donne e delle ragazze, anche nelle occasioni di confronto con gli esponenti del movimento talebano.</p>
<p style="text-align: justify;">Da qui, insieme alla mia squadra e in costante sinergia con l’Ufficio AICS di Islamabad, sosteniamo inoltre la preziosa azione dei nostri operatori umanitari che, attraverso organizzazioni della società civile e agenzie multilaterali, realizzano sul terreno importanti attività a favore delle componenti più vulnerabili della popolazione afgana, colpite da povertà endemica e malnutrizione, in uno scenario caratterizzato da carenza dei servizi sanitari di base e frequenti disastri naturali. Grazie all’impegno della Cooperazione italiana, siamo infatti fra i principali Paesi donatori, guardando con attenzione alle potenzialità di sviluppo del settore privato e alla promozione della stabilità e della sicurezza in una regione strategica.</p>
<p style="text-align: justify;">Diplomazia del dialogo e diplomazia della solidarietà nutrono questo percorso: tutela dei diritti umani, rispetto degli obblighi internazionali e benessere della popolazione afgana saranno le direttrici del nostro lavoro.</p>
<p style="text-align: justify;">Spero che queste priorità possano ispirare fiducia e disponibilità nei nostri interlocutori, che ringrazio per ogni contributo a favore di un auspicato futuro di pace e prosperità per l&#8217;Afghanistan.</p>
<p style="text-align: justify;">Sabrina Ugolini</p>

Care e Cari Connazionali, Amiche e Amici dell’Italia, dal 25 ottobre 2024 ho assunto l’incarico di Ambasciatrice d’Italia per l’Afghanistan nella sede temporaneamente ricollocata a Doha, consapevole delle sfide poste da una fase di particolare complessità nel rapporto bilaterale tra Roma e Kabul. Storicamente attratti quali Paesi amici, Italia e Afghanistan sono in questo momento [&hellip;]
